2
Calculate the remainder when 123227 is divided by 41059.
50
Calculate the remainder when 7043 is divided by 1403.
28
What is the remainder when 35461 is divided by 2727?
10
Calculate the remainder when 854143 is divided by 999.
997
Calculate the remainder when 127957 is divided by 56.
53
Calculate the remainder when 39085 is divided by 8.
5
Calculate the remainder when 1215 is divided by 293.
43
What is the remainder when 862 is divided by 301?
260
Calculate the remainder when 1791624 is divided by 25.
24
What is the remainder when 7788 is divided by 519?
3
Calculate the remainder when 74313 is divided by 332.
277
Calculate the remainder when 1556 is divided by 82.
80
What is the remainder when 5865 is divided by 2923?
19
Calculate the remainder when 3233 is divided by 279.
164
What is the remainder when 662111 is divided by 76?
75
Calculate the remainder when 1620 is divided by 94.
22
Calculate the remainder when 33163 is divided by 6575.
288
What is the remainder when 106258 is divided by 33?
31
What is the remainder when 12975 is divided by 19?
17
What is the remainder when 161965 is divided by 16?
13
What is the remainder when 18272 is divided by 4546?
88
What is the remainder when 3764 is divided by 7?
5
What is the remainder when 69758 is divided by 401?
385
Calculate the remainder when 28756 is divided by 74.
44
Calculate the remainder when 47855 is divided by 1227.
2
What is the remainder when 6941 is divided by 434?
431
What is the remainder when 7339 is divided by 113?
107
Calculate the remainder when 321 is divided by 318.
3
What is the remainder when 3405 is divided by 851?
1
Calculate the remainder when 37481 is divided by 559.
28
Calculate the remainder when 5175 is divided by 513.
45
Calculate the remainder when 16576889 is divided by 38.
35
What is the remainder when 5464 is divided by 5458?
6
Calculate the remainder when 774 is divided by 60.
54
Calculate the remainder when 73753 is divided by 36.
25
Calculate the remainder when 668 is divided by 215.
23
What is the remainder when 14181 is divided by 4722?
15
What is the remainder when 230279 is divided by 228?
227
Calculate the remainder when 77407 is divided by 177.
58
Calculate the remainder when 50627 is divided by 10125.
2
Calculate the remainder when 59933 is divided by 705.
8
Calculate the remainder when 215542 is divided by 14.
12
Calculate the remainder when 2054 is divided by 35.
24
What is the remainder when 1452130 is divided by 418?
416
Calculate the remainder when 62275 is divided by 11.
4
What is the remainder when 86222 is divided by 21554?
6
Calculate the remainder when 38584 is divided by 388.
172
Calculate the remainder when 11622 is divided by 1291.
3
What is the remainder when 13493 is divided by 21?
11
Calculate the remainder when 140744 is divided by 70363.
18
Calculate the remainder when 2132 is divided by 225.
107
What is the remainder when 162519 is divided by 136?
135
Calculate the remainder when 10111 is divided by 184.
175
Calculate the remainder when 226384 is divided by 9.
7
Calculate the remainder when 81437 is divided by 82.
11
Calculate the remainder when 23462 is divided by 23460.
2
What is the remainder when 35846 is divided by 478?
474
Calculate the remainder when 1490 is divided by 267.
155
What is the remainder when 15002 is divided by 174?
38
Calculate the remainder when 125214 is divided by 602.
600
Calculate the remainder when 4854 is divided by 1843.
1168
What is the remainder when 117918 is divided by 556?
46
What is the remainder when 19151 is divided by 6359?
74
Calculate the remainder when 144 is divided by 137.
7
What is the remainder when 108499 is divided by 88?
83
Calculate the remainder when 49169 is divided by 19.
16
What is the remainder when 18429 is divided by 555?
114
What is the remainder when 405820 is divided by 16?
12
What is the remainder when 540183 is divided by 270078?
27
Calculate the remainder when 31312 is divided by 239.
3
What is the remainder when 5937 is divided by 223?
139
Calculate the remainder when 2708 is divided by 1046.
616
What is the remainder when 6782 is divided by 844?
30
What is the remainder when 2014 is divided by 116?
42
What is the remainder when 3128 is divided by 11?
4
What is the remainder when 38635 is divided by 10?
5
What is the remainder when 5012 is divided by 4932?
80
Calculate the remainder when 3108 is divided by 80.
68
Calculate the remainder when 979 is divided by 145.
109
What is the remainder when 449391 is divided by 149792?
15
What is the remainder when 9566 is divided by 72?
62
Calculate the remainder when 4880675 is divided by 22.
19
What is the remainder when 19078 is divided by 243?
124
What is the remainder when 303591 is divided by 61?
55
Calculate the remainder when 22889 is divided by 22.
9
What is the remainder when 485 is divided by 469?
16
Calculate the remainder when 12271 is divided by 869.
105
Calculate the remainder when 216349 is divided by 76.
53
Calculate the remainder when 3954 is divided by 1642.
670
Calculate the remainder when 4011167 is divided by 21.
20
What is the remainder when 74533 is divided by 3387?
19
What is the remainder when 22892 is divided by 765?
707
Calculate the remainder when 18923 is divided by 169.
164
What is the remainder when 10569 is divided by 5203?
163
What is the remainder when 3710999 is divided by 40?
39
Calculate the remainder when 3243 is divided by 632.
83
What is the remainder when 1842 is divided by 220?
82
Calculate the remainder when 35395 is divided by 295.
290
Calculate the remainder when 675287 is divided by 39.
2
Calculate the remainder when 109283 is divided by 373.
367
Calculate the remainder when 2152757 is divided by 20.
17
Calculate the remainder when 79739 is divided by 45.
44
Calculate the remainder when 26571 is divided by 26.
25
Calculate the remainder when 27044 is divided by 248.
12
What is the remainder when 4683 is divided by 14?
7
What is the remainder when 480 is divided by 89?
35
Calculate the remainder when 1597 is divided by 134.
123
Calculate the remainder when 75329 is divided by 465.
464
What is the remainder when 380430 is divided by 472?
470
Calculate the remainder when 757 is divided by 375.
7
What is the remainder when 7772 is divided by 2539?
155
Calculate the remainder when 25901 is divided by 49.
29
What is the remainder when 2541 is divided by 166?
51
What is the remainder when 1948 is divided by 32?
28
What is the remainder when 35327 is divided by 5?
2
Calculate the remainder when 5620 is divided by 1228.
708
Calculate the remainder when 3011 is divided by 1975.
1036
What is the remainder when 279597 is divided by 139792?
13
What is the remainder when 36640 is divided by 142?
4
Calculate the remainder when 51270 is divided by 130.
50
What is the remainder when 14637 is divided by 7?
0
What is the remainder when 68936 is divided by 31?
23
Calculate the remainder when 1071 is divided by 120.
111
What is the remainder when 5956 is divided by 764?
608
What is the remainder when 26523 is divided by 8777?
192
What is the remainder when 2636 is divided by 867?
35
What is the remainder when 38630 is divided by 217?
4
What is the remainder when 234421 is divided by 62?
61
What is the remainder when 690690 is divided by 467?
464
What is the remainder when 426877 is divided by 116?
113
Calculate the remainder when 18841 is divided by 13.
4
Calculate the remainder when 3461 is divided by 113.
71
Calculate the remainder when 18827 is divided by 466.
187
Calculate the remainder when 1986 is divided by 1739.
247
What is the remainder when 11019 is divided by 438?
69
What is the remainder when 1211 is divided by 142?
75
What is the remainder when 179773 is divided by 21?
13
Calculate the remainder when 2554 is divided by 2549.
5
What is the remainder when 4475 is divided by 73?
22
Calculate the remainder when 12870 is divided by 157.
153
Calculate the remainder when 46187 is divided by 733.
8
What is the remainder when 965834 is divided by 74?
60
Calculate the remainder when 174464 is divided by 561.
554
What is the remainder when 7539 is divided by 29?
28
Calculate the remainder when 161 is divided by 73.
15
What is the remainder when 33612 is divided by 20?
12
Calculate the remainder when